{"id":429,"date":"2017-03-24T07:43:32","date_gmt":"2017-03-24T07:43:32","guid":{"rendered":"http:\/\/fast.hevs.ch:3001\/?page_id=429"},"modified":"2017-12-05T10:28:25","modified_gmt":"2017-12-05T10:28:25","slug":"clinical-partners","status":"publish","type":"page","link":"https:\/\/medgift.hevs.ch\/wordpress\/team\/clinical-partners\/","title":{"rendered":"Clinical Partners"},"content":{"rendered":"<h2>University Hospitals of Geneva<\/h2>\n<ul>\n<li>Pierre-Alexandre Poletti, Emergency Radiology<\/li>\n<li>Antoine Geissbuhler, Medical Informatics<\/li>\n<li>Osman Ratib, Nuclear Medicine<\/li>\n<li>Fran\u00e7ois Lazeyras, Center for Biomedical Imaging (CIBM)<\/li>\n<\/ul>\n<h2>SUVA clinics, Sion<\/h2>\n<ul>\n<li>Olivier D\u00e9riaz, research director<\/li>\n<\/ul>\n<h2>R\u00e9seau sant\u00e9 Valais<\/h2>\n<ul>\n<li>Alexandre Gnaegi, Medical Informatics<\/li>\n<\/ul>\n","protected":false},"excerpt":{"rendered":"<p>University Hospitals of Geneva Pierre-Alexandre Poletti, Emergency Radiology Antoine Geissbuhler, Medical Informatics Osman Ratib, Nuclear Medicine Fran\u00e7ois Lazeyras, Center for Biomedical Imaging (CIBM) SUVA clinics, Sion Olivier D\u00e9riaz, research director R\u00e9seau sant\u00e9 Valais Alexandre Gnaegi, Medical Informatics<\/p>\n","protected":false},"author":1,"featured_media":0,"parent":237,"menu_order":15,"comment_status":"closed","ping_status":"closed","template":"","meta":{"footnotes":""},"class_list":["post-429","page","type-page","status-publish","hentry"],"jetpack_shortlink":"https:\/\/wp.me\/P8AP2d-6V","jetpack_sharing_enabled":true,"_links":{"self":[{"href":"https:\/\/medgift.hevs.ch\/wordpress\/wp-json\/wp\/v2\/pages\/429","targetHints":{"allow":["GET"]}}],"collection":[{"href":"https:\/\/medgift.hevs.ch\/wordpress\/wp-json\/wp\/v2\/pages"}],"about":[{"href":"https:\/\/medgift.hevs.ch\/wordpress\/wp-json\/wp\/v2\/types\/page"}],"author":[{"embeddable":true,"href":"https:\/\/medgift.hevs.ch\/wordpress\/wp-json\/wp\/v2\/users\/1"}],"replies":[{"embeddable":true,"href":"https:\/\/medgift.hevs.ch\/wordpress\/wp-json\/wp\/v2\/comments?post=429"}],"version-history":[{"count":1,"href":"https:\/\/medgift.hevs.ch\/wordpress\/wp-json\/wp\/v2\/pages\/429\/revisions"}],"predecessor-version":[{"id":430,"href":"https:\/\/medgift.hevs.ch\/wordpress\/wp-json\/wp\/v2\/pages\/429\/revisions\/430"}],"up":[{"embeddable":true,"href":"https:\/\/medgift.hevs.ch\/wordpress\/wp-json\/wp\/v2\/pages\/237"}],"wp:attachment":[{"href":"https:\/\/medgift.hevs.ch\/wordpress\/wp-json\/wp\/v2\/media?parent=429"}],"curies":[{"name":"wp","href":"https:\/\/api.w.org\/{rel}","templated":true}]}}