{"id":431,"date":"2017-03-24T07:44:16","date_gmt":"2017-03-24T07:44:16","guid":{"rendered":"http:\/\/fast.hevs.ch:3001\/?page_id=431"},"modified":"2026-02-27T13:54:47","modified_gmt":"2026-02-27T13:54:47","slug":"former-team-members","status":"publish","type":"page","link":"https:\/\/medgift.hevs.ch\/wordpress\/team\/former-team-members\/","title":{"rendered":"Former Team Members"},"content":{"rendered":"<p>This page contains a list of former team members and where available their current affiliation.<\/p>\n<h2>Former clinical partners<\/h2>\n<ul>\n<li>Alejandro Vargas, RAFT project, Bolivia<\/li>\n<li>Asm\u00e2a Hidki, McGill University, Montreal, Canada<\/li>\n<\/ul>\n<h2>Former postdocs and collaborators<\/h2>\n<ul>\n<li><a href=\"https:\/\/medgift.hevs.ch\/wordpress\/team\/adrien-depeursinge\/\">Adrien Depeursinge<\/a>, EPFL, Switzerland<\/li>\n<li>Marko Niinim\u00e4ki, Webster University, Thailand<\/li>\n<li><a href=\"https:\/\/medgift.hevs.ch\/wordpress\/team\/former-team-members\/theodora-tsikrika\/\">Theodora Tsikrika<\/a>, Centre for Research and Technology Hellas,\u00a0 Thermi-Thessaloniki, Greece<\/li>\n<li><a href=\"https:\/\/medgift.hevs.ch\/wordpress\/team\/former-team-members\/alexandre-cotting\/\">Alexandre Cotting<\/a>, HESSO Valais, Switzerland<\/li>\n<li><a href=\"https:\/\/medgift.hevs.ch\/wordpress\/team\/mara-graziani\/\">Mara Graziani<\/a>, HESSO Valais, Switzerland<\/li>\n<li><a href=\"https:\/\/medgift.hevs.ch\/wordpress\/team\/lora-fanda\/\">Lora Fanda<\/a>, HESSO Valais, Switzerland<\/li>\n<li><a href=\"https:\/\/medgift.hevs.ch\/wordpress\/team\/paul-matusz\/\">Paul Matusz<\/a>, HESSO Valais, Switzerland<\/li>\n<li><a href=\"https:\/\/medgift.hevs.ch\/wordpress\/team\/maria-paraskevi-antoniou\/\">Maria-Paraskevi Antoniou<\/a>, HESSO Valais, Switzerland<\/li>\n<li><a href=\"https:\/\/medgift.hevs.ch\/wordpress\/team\/niccolo-marini\/\">Niccol\u00f2 Marini<\/a>, University Hospitals of Geneva, Switzerland<\/li>\n<li><a href=\"https:\/\/medgift.hevs.ch\/wordpress\/team\/david-zacharie-issom\/\">David-Zacharie Issom<\/a><\/li>\n<li><a href=\"https:\/\/medgift.hevs.ch\/wordpress\/team\/daniel-abler\/\">Daniel Abler<\/a><\/li>\n<li><a href=\"https:\/\/medgift.hevs.ch\/wordpress\/team\/adrien-bertaud\/\">Adrien Bertaud<\/a><\/li>\n<li><a href=\"https:\/\/medgift.hevs.ch\/wordpress\/team\/amirian-mohammadreza\/\">Mohammadreza Amirian<\/a><\/li>\n<li><a href=\"https:\/\/medgift.hevs.ch\/wordpress\/team\/marek-wodzinski\/\">Marek Wodzinski<\/a><\/li>\n<\/ul>\n<h2>Former PhD students<\/h2>\n<ul>\n<li>Iulia Cimpan, Kent University, UK<\/li>\n<li><a href=\"https:\/\/medgift.hevs.ch\/wordpress\/team\/former-team-members\/yashin-dicente-cid\/\">Yashin Dicente Cid<\/a>, Warwick University, UK<\/li>\n<li><a href=\"https:\/\/medgift.hevs.ch\/wordpress\/team\/former-team-members\/antonio-foncubierta-rodriguez\/\">Antonio Foncubierta<\/a>, IBM research Z\u00fcrich, Switzerland<\/li>\n<li><a href=\"https:\/\/medgift.hevs.ch\/wordpress\/team\/former-team-members\/alba-garcia-seco-de-herrera\/\">Alba Garcia Seco de Herrera<\/a>, NLM, NIH, USA<\/li>\n<li>Jimison Iavindrasana, University Hospitals of Geneva, Switzerland<\/li>\n<li><a href=\"https:\/\/medgift.hevs.ch\/wordpress\/team\/oscar-jimenez-del-toro\/\">Oscar Jimenez-del-Toro<\/a>, HESSO Valais, Switzerland<\/li>\n<li><a href=\"https:\/\/medgift.hevs.ch\/wordpress\/team\/former-team-members\/ranveer-joyseeree\/\">Ranveer Joyseeree<\/a>, Switzerland<\/li>\n<li>Jukka Kommeri, Accenture, Finland<\/li>\n<li><a href=\"https:\/\/medgift.hevs.ch\/wordpress\/team\/former-team-members\/dimitrios-markonis\/\">Dimitrios Markonis<\/a>, Athens, Greece<\/li>\n<li>Mikko Pitkanen, Helsinki University of Technology, Finland<\/li>\n<li>Xin Zhou, Shanghai Advanced Research Institute, China<\/li>\n<li><span class=\"t-14 t-normal\"><span aria-hidden=\"true\"><a href=\"https:\/\/medgift.hevs.ch\/wordpress\/team\/nora-turoman\/\">Nora Turoman<\/a>, CHUV | Lausanne university hospital, Switzerland<\/span><\/span><\/li>\n<li><a href=\"https:\/\/medgift.hevs.ch\/wordpress\/team\/anjani-dhrangadhariya\/\">Anjani Dhrangadhariya<\/a><\/li>\n<li><a href=\"https:\/\/medgift.hevs.ch\/wordpress\/team\/niccolo-marini\/\">Niccol\u00f2 Marini<\/a>, University Hospitals of Geneva, Switzerland<\/li>\n<\/ul>\n<h2>Former Master and Bachelor students<\/h2>\n<ul>\n<li>Yann Pochon<\/li>\n<li>Evelyn Hischier, Assentis, Switzerland<\/li>\n<li>Sandra Mitrovic, Max-Planck Institut, Heidelberg, Germany<\/li>\n<li>Simon Schmidt<\/li>\n<li>Wai-Kin Hau<\/li>\n<li>Laurent Bollondi, SIB, Geneva, Switzerland<\/li>\n<li>Didier Fuchser, Multicheck, Switzerland<\/li>\n<li>Angelo Burgener, Predata, Switzerland<\/li>\n<li>Phillip Oggier, independent, Switzerland<\/li>\n<li>Francois-Julien Chabbey, ICARE, Sierre, Switzerland<\/li>\n<li>Daniel Imhof<\/li>\n<li>Samuel Duc, TI Informatique, Sierre, Switzerland<\/li>\n<li>Samuel Werner, Etat du Valais, Switzerland<\/li>\n<li>Jonas Cicognini, SAP, Switzerland<\/li>\n<li>Fr\u00e9d\u00e9ric Fragni\u00e8re, R\u00e9seau sant\u00e9 Valais, Switzerland<\/li>\n<li>Gilles Rudaz, Police cantonal Valais, Switzerland<\/li>\n<li>Fr\u00e9d\u00e9ric Gaillard, Swisscom, Switzerland<\/li>\n<li>Matthieu Giotta, R\u00e9seau Sant\u00e9 Valais, Switzerland<\/li>\n<li><a href=\"https:\/\/medgift.hevs.ch\/wordpress\/team\/federico-del-pup\/\">Federico Del Pup<\/a>, University of Padova<\/li>\n<li><a href=\"https:\/\/medgift.hevs.ch\/wordpress\/team\/jose-joaquin-rodriguez-rojas\/\">Jos\u00e9 Joaqu\u00edn Rodr\u00edguez Rojas<\/a><\/li>\n<\/ul>\n<h2>Former visiting researchers or PhD students<\/h2>\n<ul>\n<li><a href=\"https:\/\/medgift.hevs.ch\/wordpress\/team\/lei-zhang\/\">Lei Zhang<\/a><\/li>\n<li><a href=\"https:\/\/medgift.hevs.ch\/wordpress\/team\/mikele-milia\/\">Mikele Milia<\/a>, University of Padova<\/li>\n<li><a href=\"https:\/\/medgift.hevs.ch\/wordpress\/team\/louis-fabrice-tshimanga\/\">Louis Fabrice Tshimanga<\/a>, University of Padova<\/li>\n<li><a href=\"https:\/\/medgift.hevs.ch\/wordpress\/team\/andrea-zanola\/\">Andrea Zanola<\/a>, University of Padova<\/li>\n<\/ul>\n<h2>Former interns<\/h2>\n<ul>\n<li>Marek Wodzi\u0144ski,\u00a0 AGH University of Science and Technology, Poland<\/li>\n<li>N\u00e9stor Jos\u00e9 Jarque Bou, Universitat Jaume I, Spain<\/li>\n<li><a href=\"https:\/\/medgift.hevs.ch\/wordpress\/team\/former-team-members\/pierre-fontaine\/\">Pierre Fontaine<\/a>,\u00a0 Universit\u00e9 de Rennes 1, France<\/li>\n<li>Liviu Stefan, Politechnical University Bucharest, Romania<\/li>\n<li><a href=\"https:\/\/medgift.hevs.ch\/wordpress\/team\/mara-graziani\/\">Mara Graziani<\/a>, University of Cambridge, UK<\/li>\n<li><a href=\"https:\/\/medgift.hevs.ch\/wordpress\/team\/former-team-members\/francesca-palermo\/\">Francesca Palermo<\/a>, University of Rome, La Sapienza, Italy<\/li>\n<li>Francesca Giordanello, University of Cambridge, UK<\/li>\n<li>Francesca Stival, University of Padova, Italy<\/li>\n<li>Stefano Pizzolato, Australia<\/li>\n<li>Pol Cirujeda, Pompeu Fabra, Barcelona, Spain<\/li>\n<li><a href=\"https:\/\/medgift.hevs.ch\/wordpress\/team\/sebastian-otalora\/\">Juan Sebastian Otalora<\/a>, UNAL, Bogota, Colombia<\/li>\n<li>Giulio Marano,\u00a0 University of Rome &#8220;La Sapienza&#8221;, Italy<\/li>\n<li>Maria de Arteaga Gonzales, Carnegie Mellon University, USA<\/li>\n<li>Rami Abusabha, Beirut, Lebanon<\/li>\n<li>Jean Boustani, Paris, France<\/li>\n<li>Donia Ben Hassen, Univeristy of Tunis, Tunesia<\/li>\n<li>Ajad Chhatkuli, University of Burgundy, France<\/li>\n<li>Sharib Ali, University of Lorraine, France<\/li>\n<li>Tobias Gass, ETH Z\u00fcrich, Switzerland<\/li>\n<li>Roxana Theodorescu, Mt. Sinai Hospital, New York, USA<\/li>\n<li>Herizo Andriambololoniaina<\/li>\n<li>Phuong Ang Do Huang<\/li>\n<li>Samuel Marquis, Elan IT, Switzerland<\/li>\n<li>Joris Heuberger, Pixmeo, Switzerland<\/li>\n<\/ul>\n","protected":false},"excerpt":{"rendered":"<p>This page contains a list of former team members and where available their current affiliation. Former clinical partners Alejandro Vargas, RAFT project, Bolivia Asm\u00e2a Hidki, McGill University, Montreal, Canada Former postdocs and collaborators Adrien Depeursinge, EPFL, Switzerland Marko Niinim\u00e4ki, Webster University, Thailand Theodora Tsikrika, Centre for Research and Technology Hellas,\u00a0 Thermi-Thessaloniki, Greece Alexandre Cotting, HESSO &hellip; <\/p>\n<p class=\"link-more\"><a href=\"https:\/\/medgift.hevs.ch\/wordpress\/team\/former-team-members\/\" class=\"more-link\">Continue reading<span class=\"screen-reader-text\"> &#8220;Former Team Members&#8221;<\/span><\/a><\/p>\n","protected":false},"author":1,"featured_media":0,"parent":237,"menu_order":16,"comment_status":"closed","ping_status":"closed","template":"","meta":{"footnotes":""},"class_list":["post-431","page","type-page","status-publish","hentry"],"jetpack_shortlink":"https:\/\/wp.me\/P8AP2d-6X","jetpack_sharing_enabled":true,"_links":{"self":[{"href":"https:\/\/medgift.hevs.ch\/wordpress\/wp-json\/wp\/v2\/pages\/431","targetHints":{"allow":["GET"]}}],"collection":[{"href":"https:\/\/medgift.hevs.ch\/wordpress\/wp-json\/wp\/v2\/pages"}],"about":[{"href":"https:\/\/medgift.hevs.ch\/wordpress\/wp-json\/wp\/v2\/types\/page"}],"author":[{"embeddable":true,"href":"https:\/\/medgift.hevs.ch\/wordpress\/wp-json\/wp\/v2\/users\/1"}],"replies":[{"embeddable":true,"href":"https:\/\/medgift.hevs.ch\/wordpress\/wp-json\/wp\/v2\/comments?post=431"}],"version-history":[{"count":26,"href":"https:\/\/medgift.hevs.ch\/wordpress\/wp-json\/wp\/v2\/pages\/431\/revisions"}],"predecessor-version":[{"id":3012,"href":"https:\/\/medgift.hevs.ch\/wordpress\/wp-json\/wp\/v2\/pages\/431\/revisions\/3012"}],"up":[{"embeddable":true,"href":"https:\/\/medgift.hevs.ch\/wordpress\/wp-json\/wp\/v2\/pages\/237"}],"wp:attachment":[{"href":"https:\/\/medgift.hevs.ch\/wordpress\/wp-json\/wp\/v2\/media?parent=431"}],"curies":[{"name":"wp","href":"https:\/\/api.w.org\/{rel}","templated":true}]}}